?
False
Is 14817401 prime?
True
Is 12143891 composite?
False
Is 2960861 prime?
True
Is 16780585 prime?
False
Is 7433773 a composite number?
True
Is 2561579 prime?
False
Is 12430547 composite?
False
Is 181312319 prime?
False
Is 2264926 composite?
True
Is 21473537 a prime number?
False
Is 1700471 a composite number?
False
Is 200422831 composite?
True
Is 759205 a composite number?
True
Is 6420647 prime?
False
Is 732392781 a prime number?
False
Is 2660719 a prime number?
True
Is 3473423 a composite number?
True
Is 51591017 prime?
True
Is 11100233 prime?
False
Is 149500111 composite?
False
Is 2200537 prime?
True
Is 319849 a composite number?
False
Is 25198181 a prime number?
False
Is 337054313 a prime number?
True
Is 5874313 a prime number?
False
Is 1692595951 prime?
True
Is 2560291 composite?
True
Is 16300807 a composite number?
True
Is 15270909 a composite number?
True
Is 154265593 a prime number?
True
Is 118380553 a composite number?
False
Is 475868881 prime?
True
Is 1264129 prime?
True
Is 97640671 prime?
True
Is 56370533 composite?
True
Is 9656401 composite?
True
Is 23794223 composite?
True
Is 1398941 a prime number?
False
Is 1144139 a prime number?
True
Is 483760595 a composite number?
True
Is 83429585 a prime number?
False
Is 563415007 prime?
True
Is 5561197 a prime number?
False
Is 606048067 composite?
False
Is 10341109 composite?
False
Is 150770563 a composite number?
False
Is 77885681 composite?
False
Is 213819889 composite?
False
Is 10432049 a prime number?
True
Is 4565307 composite?
True
Is 20779999 a prime number?
False
Is 52129537 a prime number?
True
Is 161737 a composite number?
True
Is 59476474 a composite number?
True
Is 108774119 prime?
True
Is 1209437 a composite number?
False
Is 788461 a prime number?
False
Is 186166115 a prime number?
False
Is 534193 a composite number?
True
Is 15916531 prime?
True
Is 925291 a composite number?
False
Is 326176831 a composite number?
True
Is 44037287 a composite number?
True
Is 21697051 composite?
False
Is 952385107 a composite number?
False
Is 9183851 prime?
True
Is 59282429 prime?
False
Is 35501621 a prime number?
True
Is 3388691 composite?
True
Is 344207093 a composite number?
True
Is 750277 a composite number?
True
Is 3824827 a composite number?
False
Is 271933931 a prime number?
True
Is 7226027 a prime number?
True
Is 71107 composite?
True
Is 29447527 prime?
True
Is 5361929 a prime number?
False
Is 272159929 a prime number?
False
Is 1695233 prime?
True
Is 29711651 a prime number?
True
Is 5030743 a prime number?
False
Is 268158259 a prime number?
True
Is 60638867 a composite number?
False
Is 12700397 composite?
False
Is 3243881 prime?
True
Is 222100201 prime?
False
Is 3442273 a composite number?
False
Is 1170043 composite?
True
Is 208187509 composite?
False
Is 169008051 composite?
True
Is 20161 prime?
True
Is 28942543 prime?
False
Is 4105499 prime?
True
Is 77929 a composite number?
False
Is 3445339291 a composite number?
False
Is 146581 a composite number?
False
Is 2458481 prime?
True
Is 31636441 a composite number?
False
Is 17998093 prime?
True
Is 63746701 prime?
True
Is 4097917 a prime number?
True
Is 131364173 composite?
True
Is 5135807 prime?
True
Is 57024893 a prime number?
False
Is 1232113 prime?
False
Is 21050591 composite?
False
Is 10980457 a composite number?
False
Is 194317303 prime?
False
Is 25356257 a composite number?
False
Is 92984167 composite?
False
Is 392897717 a prime number?
True
Is 12299129 composite?
False
Is 6562663 a prime number?
False
Is 124222726 a composite number?
True
Is 32327254 a prime number?
False
Is 4883327 prime?
True
Is 3388127 a prime number?
False
Is 107314943 a composite number?
True
Is 914027977 composite?
False
Is 862670807 a composite number?
False
Is 76791751 prime?
False
Is 3765761 a prime number?
True
Is 143251 a composite number?
True
Is 70294339 a composite number?
True
Is 3281777 a prime number?
True
Is 274519351 composite?
False
Is 2463569 composite?
False
Is 216739227 a composite number?
True
Is 1988683 composite?
False
Is 54944661 composite?
True
Is 4694233 prime?
True
Is 93837089 prime?
True
Is 3805091 a prime number?
True
Is 4728361 prime?
False
Is 573728753 prime?
False
Is 576881 a prime number?
True
Is 104356657 prime?
False
Is 6146953 composite?
True
Is 2876039 a prime number?
False
Is 94183189 a prime number?
False
Is 43112467 a prime number?
True
Is 41320289 a prime number?
True
Is 3345587 a composite number?
True
Is 1420541 a composite number?
True
Is 50715421 composite?
False
Is 10221961 a prime number?
True
Is 13189555 prime?
False
Is 33163367 a composite number?
False
Is 6504439 a composite number?
True
Is 11723953 prime?
True
Is 197879483 composite?
True
Is 38162843 a prime number?
True
Is 4490141 a composite number?
False
Is 462494243 prime?
True
Is 776969 a composite number?
False
Is 18782857 prime?
False
Is 149799214 composite?
True
Is 1289341 prime?
True
Is 270676087 composite?
True
Is 87027 prime?
False
Is 43439093 a prime number?
False
Is 24081119 composite?
True
Is 1308691 composite?
False
Is 1568719 a composite number?
True
Is 386563 composite?
True
Is 16622341 a prime number?
False
Is 703013 a composite number?
False
Is 704117 prime?
True
Is 21601289 composite?
True
Is 3420559 prime?
False
Is 4031871 a prime number?
False
Is 110112859 a prime number?
False
Is 242057 composite?
False
Is 22672691 a prime number?
True
Is 16679281 composite?
False
Is 4092139 prime?
False
Is 7048303 a prime number?
True
Is 5199757 prime?
True
Is 288090917 a prime number?
False
Is 1541453 a prime number?
True
Is 156188689 composite?
True
Is 14632699 a prime number?
False
Is 342779 a composite number?
True
Is 2524531 a prime number?
True
Is 1356643 a prime number?
True
Is 662617 prime?
True
Is 28369249 prime?
True
Is 3091 a prime number?
False
Is 12254323 prime?
True
Is 19482623 a composite number?
False
Is 6339019 prime?
False
Is 18701177 composite?
True
Is 61777741 a composite number?
False
Is 663577 a prime number?
False
Is 3765049 a composite number?
False
Is 151430977 prime?
False
Is 27781121 a prime number?
False
Is 179687 prime?
True
Is 47057113 composite?
False
Is 7256371 prime?
False
Is 973136305 a prime number?
False
Is 24738847 prime?
False
Is 36574673 prime?
True
Is 921181 a prime number?
False
Is 1204363 prime?
True
Is 2892667 composite?
False
Is 216110903 a prime number?
True
Is 9293987 a prime number?
False
Is 13255709 composite?
True
Is 3476453 a prime number?
True
Is 20191249 prime?
False
Is 9411407 a prime number?
True
Is 174187 composite?
True
Is 29704629 a composite number?
True
Is 12691501 prime?
True
Is 868865 a prime number?
False
Is 54595097 a composite number?
False
Is 33441221 a prime number?
False
Is 5136269 a prime number?
True
Is 15214013 prime?
True
Is 13131827 prime?
False
Is 78778517 composite?
True
Is 233967251 a composite number?
True
Is 118930871 prime?
True
Is 17617629 composite?
True
Is 151103177 a prime number?
True
Is 84203213 a prime number?
True
Is 390062923 a prime number?
True
Is 21948419 prime?
False
Is 59560855 composite?
True
Is 3354103 prime?
False
Is 275201 a prime number?
True
Is 75168481 composite?
True
Is 19162079 prime?
False
Is 22816171 composite?
True
Is 595103 prime?
False
Is 281157 composite?
True
Is 1116809 a prime number?
True
Is 75599159 a prime number?
False
Is 38337347 prime?
True
Is 23557717 a prime number?
True
Is 24969367 a prime number?
True
Is 4137299 prime?
True
Is 65137679 composite?
True
Is 276707 a composite number?
False
Is 144403723 a prime number?
False
Is 4673579 composite?
True
Is 102179047 prime?
True
Is 8967845 prime?
False
Is 226049739 prime?
False
Is 1809671 prime?
True
Is 6187067 prime?
True
Is 36336049 a prime number?
True
Is 199255619 a prime number?
False
Is 26881607 composite?
True
Is 1826857 a prime number?
False
Is 6581293 a prime number?
False
Is 33599149 composite?
False
Is 130506457 prime?
True
Is 337148989 a composite number?
False
Is 49560017 composite?
True
Is 2329189 a prime number?
True
Is 2369749 prime?
False
Is 1411573 a composite number?
False
Is 3181063 a composite number?
True
Is 4113341 a prime number?
True
Is 16030531 composite?
True
Is 61159 prime?
False
Is 210925651 prime?
True
Is 122476399 prime?
False
Is 226529 a prime number?
False
Is 